at is the units digit of b?
7
Let y(r) = 3*r**3 - 9*r**2 - 6*r + 12. Let i(k) = 16*k**3 - 45*k**2 - 31*k + 60. Let b(j) = 2*i(j) - 11*y(j). What is the units digit of b(8)?
4
Suppose 3*i = -3*i. Suppose 14*h = 10*h + 12. Suppose -2*d + d - 3 = i, h*d + 277 = 4*z. What is the tens digit of z?
6
What is the units digit of 2/((-2)/(-249))*(-360)/(-216)?
5
Let p = -2005 + 3956. What is the tens digit of p?
5
Let y(i) be the first derivative of i**4/4 + 3*i**3 + 7*i**2/2 - 7*i - 601. Let z be 1/(-1)*(0 + 7). What is the tens digit of y(z)?
4
Suppose 2*h - 3123 = -h. What is the hundreds digit of h?
0
Let f be 3 - (-33)/(-12) - 98/8. What is the hundreds digit of 212/((-16)/(-10) + f/(-30))?
1
Let l(p) = -3*p**3 + 20*p**2 + 3*p - 43. Let i(u) = 7*u**3 - 41*u**2 - 7*u + 86. Let x(j) = -2*i(j) - 5*l(j). What is the units digit of x(18)?
5
Suppose -q + 28 = 2*k + 3*q, 26 = k + 5*q. Suppose 0*y = y - k. What is the tens digit of (-12)/18 + 238/y?
3
Let v = -130 - 35. Let y = v - -357. What is the hundreds digit of y?
1
Let m be 4*(3 + (-4)/16). Let y = -30 + 30. Let n = y + m. What is the units digit of n?
1
Let s be 3*2/((-6)/3). Let v(a) = -55*a - 3*a**2 + 22*a + 31*a + 1 - 2*a**3 + a**3. What is the units digit of v(s)?
7
Suppose -13*g = -6277 - 29837. What is the tens digit of g?
7
Suppose -35*t - 25362 = -53*t. What is the thousands digit of t?
1
Suppose 2*n + 15 = 73. Suppose 2 + 9 = -i + 5*k, -2*k = -i - 2. Suppose -m = -s - n, i*m + s - 116 = -s. What is the units digit of m?
9
Suppose 0*z = -l - 3*z + 167, -4*l - 2*z + 668 = 0. Let j = l + 76. What is the units digit of j?
3
Let h(g) = -7*g**2 + 24*g + 8. Let t(y) = 8*y**2 - 25*y - 9. Let n(f) = 5*h(f) + 4*t(f). What is the units digit of n(5)?
9
Let o(q) = q**2 - 9*q + 14. Let t be o(7). Suppose 8*p - 9*p + 24 = t. What is the tens digit of p?
2
Let g(b) = -4*b**2 + 23*b + 9. Let i(d) = d**2 + d + 1. Let h(v) = -g(v) - 5*i(v). What is the units digit of h(-21)?
3
Let o = -36 + 36. Suppose o = d - 3*t - 71, 5*t + 240 + 23 = 4*d. What is the tens digit of d?
6
Let v be (432/30)/((-1)/(-5)). Suppose 2*i - 5*q = v + 33, -3*q + 145 = 2*i. What is the tens digit of i?
6
Suppose 15*n - 683 = 502. What is the tens digit of n?
7
Let x be (-108)/(-26) - (-16)/(-104). Let m(p) = -x + 0 - 2 + 3*p - 1. What is the units digit of m(9)?
0
Let s(d) = 3*d**2 - 3*d - 1. Let y be s(-1). Suppose 8*t - y*t = 51. What is the tens digit of t?
1
Let n = -40 - -76. Suppose 8*m = 6*m + n. What is the units digit of (-454)/(-12) - (-3)/m?
8
Let k(v) = 15*v + 17. Let g(q) = -7*q - 8. Let f(n) = -13*g(n) - 6*k(n). Let a be f(2). What is the units digit of ((-18)/3)/(a/(-16))?
4
Let q(o) = 7*o. Let g be q(3). Let h(p) = -4*p. Let s be h(-1). Let m = g + s. What is the tens digit of m?
2
Let x = -864 - -1075. What is the units digit of x?
1
Let m(q) = -12 + 9*q - 6 + 34. What is the units digit of m(5)?
1
Suppose 7573 = 10*a - 4177. What is the hundreds digit of a?
1
Suppose 3*y - 384 = 3*k, -6 = 16*k - 18*k. What is the hundreds digit of y?
1
Suppose -v + 0*c + 8 = 2*c, c - 3 = 0. Let x(f) = 22 - 2*f**v + f**2 + 3*f**3 - 2*f**3. What is the units digit of x(0)?
2
What is the tens digit of 22100/18 + 20/90?
2
Let y be (-7)/(140/96)*5. Let j = y - -61. Let h = j + 35. What is the tens digit of h?
7
Let t(m) = m**2 + 13*m - 7*m + 38 - 15*m. What is the units digit of t(18)?
0
Let p(m) = 466*m + 5. Let y be p(1). Suppose -b + y = 2*v, -5 = 4*b - 17. What is the units digit of v?
4
Let o(l) = -3005*l + 9. What is the hundreds digit of o(-1)?
0
Let u be 638/55 + (-4)/(-10). What is the units digit of u/(4 + -1) - -14?
8
Suppose -4*r + j = -11, -7*r - 4*j + 40 = -2*r. Suppose r*t - 65 - 59 = 0. What is the units digit of t?
1
Suppose 3*u + c - 1723 = -u, 3*c - 428 = -u. What is the hundreds digit of u?
4
Let q = -1 + 3. Suppose 6*s = q*s + 44. What is the units digit of s?
1
Let w be 85/10*2 - 0. What is the units digit of 4 - (w/3 - 1)*-15?
4
Let k = 365 + 910. What is the tens digit of k?
7
Let v(z) = 767*z**2 - 7*z - 19. What is the units digit of v(-2)?
3
Suppose -5*b = -2*z - 36, b + 2*z + 0*z = 0. Let x = -4 + b. Suppose -2*m - 2*f + 40 = 0, x*m + 3*m - 3*f = 132. What is the tens digit of m?
2
Suppose 0 = 4*y - 8*y + 72. Let v be (-2 - 1)/(y/12). Let p = v + 64. What is the tens digit of p?
6
Let g = -108 - -113. Suppose 0 = -4*f + a + 589, -g*f + 12*a + 755 = 17*a. What is the tens digit of f?
4
Suppose 5*r - 4*t - 11450 = 0, 14*r + 3*t - 4557 = 12*r. What is the thousands digit of r?
2
Let g be (-3)/(-5) + 27/(-45). Suppose o + 4*o + 130 = g. Let t = 57 + o. What is the units digit of t?
1
Let z = -500 + 2353. What is the thousands digit of z?
1
What is the hundreds digit of ((-18)/2 - -7)/((-1)/203)?
4
Let n(a) = 4*a**2 + 8*a**2 - a**2 + 3*a - 1 - 9*a**2. Suppose -q + 4*w = -10, 3*w + 2 + 2 = -q. What is the tens digit of n(q)?
1
Let q be ((-138)/3)/(-2 + 3 - 3). Let g = -2 + 2. Suppose c = -g*c + q. What is the units digit of c?
3
Let p(x) be the third derivative of x**6/120 - x**5/10 - 11*x**4/24 - x**3/3 - 14*x**2. What is the hundreds digit of p(9)?
1
Suppose 2*r - 340 = -2*r. What is the units digit of r?
5
Suppose 2*o = 2*r + 1306, 0 = 2*o - 23*r + 19*r - 1310. What is the hundreds digit of o?
6
Suppose -815 = 3*v - 4*v + a, 2*v - 1618 = -a. What is the tens digit of v?
1
Let q(a) = a**2 - 17*a - 17. Let v be q(-16). Let s = -339 + v. What is the units digit of s?
2
Let j be (-3)/6 - (-22)/4. Suppose 2*y + j*u + 30 = -18, -u + 74 = -4*y. What is the tens digit of ((-4)/1)/(2/y)?
3
Suppose 3*z = -5*g + 146, g = 2*g - 5*z - 46. Suppose -x + 5*q = -g, -4*q = -3*x + 2 + 36. What is the tens digit of (1 - 9/x)*-42?
2
Suppose -7*m + 5*m + 8 = 0. Suppose 4*q - 124 = -m*u, 4*q + 5*u = -0*u + 129. What is the units digit of q?
6
What is the units digit of ((782/(-8))/(-1))/((-15)/(-60))?
1
Let l(q) = q**2 + 5*q - 12. Let a be l(-6). What is the tens digit of 0 + ((-75)/10)/(a/80)?
0
Let l = 133 - 58. Suppose -5*x + l = -1500. What is the tens digit of x?
1
Let d = 577 - 292. What is the units digit of d?
5
Suppose 5*s - 3 = 12. Let h = s + 1. Suppose h*q - 48 = q. What is the tens digit of q?
1
What is the hundreds digit of 2/(-11) - (-6 - (-32790)/(-55))?
6
Suppose -315 = 90*x - 44415. What is the hundreds digit of x?
4
Let d = -1995 - -3673. What is the units digit of d?
8
Suppose 0 = -3*z + 3*s + s + 19, 2*s = 3*z - 23. Let f(c) be the first derivative of c**4/4 - 8*c**3/3 - 5*c**2/2 + 6*c - 113. What is the units digit of f(z)?
2
Let v(h) = 5*h + 26. Let z(a) = a**3 + 13*a**2 - a - 17. Let n be z(-13). Let s(j) = 11*j + 53. Let g(c) = n*s(c) + 9*v(c). What is the units digit of g(-15)?
7
Let k(b) = -b**3 + 4*b**2 + 2*b - 5. Let x be k(4). Suppose -4*y + 37 - 13 = 4*u, -4*u + 10 = -x*y. Suppose -y*w - 25 + 99 = 0. What is the tens digit of w?
3
Let j(f) = 15 + 13*f - 8 - 6. Let o(m) = -13*m - 2. Let q(z) = -6*j(z) - 5*o(z). What is the tens digit of q(-4)?
5
Let l be (-1 - 19)*(-15)/(-40)*2. Let c(u) be the first derivative of u**4/4 + 5*u**3 - u**2 - 3*u - 1. What is the tens digit of c(l)?
2
What is the units digit of (-5)/(120/8)*(-207 - 0)?
9
What is the tens digit of (211/2)/(-8 - 297/(-36))?
2
What is the hundreds digit of (-356)/(-89) + (870 - 6/3)?
8
Let u(v) = -19*v + 22. Let w be u(-19). Suppose 3*f - 400 = w. What is the tens digit of f?
6
Let f = 50 - 27. Suppose -3*i + f = 8. What is the units digit of i?
5
Suppose -5*f + 13 = l, 2*f + f + 2*l - 5 = 0. Suppose 0*a - g - 127 = -4*a, f*g = -3*a + 99. Let i = a + -16. What is the tens digit of i?
1
Let u = -1627 - -2867. Let b be (-2 - u/(-4)) + 4. Suppose 11*v - 7*v - b = 0. What is the tens digit of v?
7
Let o be (-1862)/(-28) + -2*(-2)/(-8). Suppose -9*g = -1671 - o. What is the tens digit of g?
9
Let v be 4/(-7)*56/(-16). Suppose -5*w - 24 = -6*w. Suppose v*d + 0*d - 52 = -4*f, -d - 4*f + w = 0. What is the units digit of d?
8
Let t(i) = 0*i**3 - 6*i + i**2 + i**3 - 2*i**2 + 5*i**2 + 6. Let p be t(-6). Let s = 52 + p. What is the tens digit of s?
2
Let p(n) = -2*n**2 - 6*n - 7. Let d be p(-8). Let s = 14 - d. What is the units digit of s?
1
Let j(f) = f**2 + 19*f + 2. Let k be j(-19). Let i be k/5 + 344/40. Suppose i = 4*p - p. What is the units digit